ase 9) in base 12?
1b
76 (base 15) to base 10
111
-1 (base 11) to base 13
-1
52 (base 11) to base 14
41
-20 (base 15) to base 4
-132
What is -3 (base 15) in base 2?
-11
What is 3 (base 10) in base 16?
3
-2 (base 4) to base 9
-2
Convert -2 (base 12) to base 15.
-2
What is -1c (base 16) in base 7?
-40
Convert 14 (base 16) to base 2.
10100
Convert -1 (base 12) to base 7.
-1
-169 (base 11) to base 4
-3010
-10 (base 2) to base 14
-2
Convert -42 (base 6) to base 3.
-222
What is 3 (base 8) in base 10?
3
Convert -11 (base 4) to base 14.
-5
Convert 0 (base 6) to base 9.
0
Convert -13 (base 9) to base 12.
-10
Convert 3 (base 9) to base 13.
3
-53 (base 9) to base 10
-48
-4 (base 14) to base 9
-4
Convert 31 (base 13) to base 5.
130
Convert 20 (base 7) to base 5.
24
11 (base 10) to base 2
1011
Convert 1000 (base 2) to base 8.
10
Convert 0 (base 15) to base 11.
0
What is 10 (base 3) in base 8?
3
Convert -b (base 16) to base 12.
-b
What is 8 (base 13) in base 5?
13
48 (base 9) to base 14
32
What is -56 (base 8) in base 6?
-114
Convert -40 (base 10) to base 14.
-2c
-221 (base 7) to base 16
-71
2121 (base 4) to base 12
109
What is -23 (base 7) in base 2?
-10001
2 (base 5) to base 16
2
What is 11 (base 2) in base 7?
3
What is 3d (base 14) in base 12?
47
What is 367 (base 9) in base 7?
613
108 (base 10) to base 9
130
What is -1 (base 2) in base 11?
-1
-1 (base 16) to base 6
-1
Convert 10 (base 6) to base 3.
20
0 (base 16) to base 4
0
Convert 2 (base 10) to base 6.
2
What is 26 (base 9) in base 11?
22
Convert -45 (base 7) to base 3.
-1020
What is -d3 (base 16) in base 9?
-254
What is 2 (base 14) in base 10?
2
What is -110 (base 2) in base 7?
-6
What is -144 (base 5) in base 10?
-49
a1 (base 11) to base 10
111
What is 42 (base 12) in base 16?
32
-322 (base 4) to base 5
-213
-70 (base 13) to base 16
-5b
What is -34 (base 8) in base 3?
-1001
Convert -26 (base 10) to base 5.
-101
What is -4 (base 6) in base 12?
-4
What is -312 (base 4) in base 12?
-46
What is 143 (base 15) in base 12?
200
What is 4 (base 9) in base 11?
4
What is -53 (base 6) in base 9?
-36
What is 4 (base 10) in base 3?
11
Convert 3 (base 15) to base 5.
3
Convert -1101 (base 3) to base 11.
-34
What is -28 (base 16) in base 3?
-1111
Convert 12 (base 4) to base 13.
6
What is -43 (base 8) in base 16?
-23
Convert 4a (base 15) to base 3.
2121
-110 (base 2) to base 5
-11
-11 (base 9) to base 14
-a
Convert -d4 (base 14) to base 13.
-114
-13 (base 12) to base 11
-14
-4 (base 6) to base 2
-100
2c (base 14) to base 12
34
Convert 1001 (base 2) to base 15.
9
What is -3 (base 5) in base 9?
-3
Convert 41 (base 12) to base 16.
31
What is -c (base 16) in base 12?
-10
Convert 1 (base 15) to base 2.
1
Convert -1 (base 2) to base 12.
-1
Convert -10 (base 7) to base 15.
-7
-3 (base 6) to base 5
-3
Convert -155 (base 7) to base 10.
-89
What is -2443 (base 5) in base 11?
-30a
29 (base 12) to base 7
45
3 (base 10) to base 7
3
11111 (base 2) to base 9
34
Convert 100 (base 2) to base 16.
4
2132 (base 4) to base 7
314
3 (base 15) to base 10
3
1000 (base 2) to base 8
10
-ad (base 14) to base 9
-180
What is 0 (base 5) in base 4?
0
What is 1000 (base 3) in base 14?
1d
What is 0 (base 9) in base 3?
0
Convert 14 (base 11) to base 2.
1111
What is -8 (base 16) in base 15?
-8
Convert -14 (base 13) to base 5.
-32
Convert 15 (base 7) to base 14.
c
4a (base 11) to base 12
46
What is -11 (base 10) in base 5?
-21
-150 (base 8) to base 4
-1220
What is -100 (base 2) in base 5?
-4
Convert 0 (base 4) to base 10.
0
3 (base 11) to base 7
3
-10 (base 11) to base 14
-b
16 (base 12) to base 15
13
3 (base 6) to base 9
3
40 (base 12) to base 11
44
Convert -106 (base 13) to base 16.
-af
What is 1 (base 9) in base 6?
1
What is 0 (base 8) in base 6?
0
What is 3 (base 11) in base 2?
11
-2 (base 11) to base 3
-2
5a (base 11) to base 6
145
-102 (base 3) to base 13
-b
4b (base 15) to base 6
155
Convert -40 (base 14) to base 8.
-70
330 (base 6) to base 2
1111110
Convert -44 (base 6) to base 2.
-11100
-22 (base 5) to base 11
-11
What is -6 (base 9) in base 16?
-6
What is 3 (base 10) in base 7?
3
-3 (base 14) to base 5
-3
What is -5 (base 12) in base 4?
-11
Convert -1001 (base 2) to base 3.
-100
What is 12 (base 11) in base 4?
31
-1001 (base 4) to base 15
-45
-1103 (base 5) to base 4
-2121
71 (base 10) to base 2
1000111
What is 30 (base 15) in base 6?
113
1 (base 16) to base 13
1
What is -14 (base 6) in base 14?
-a
Convert -15 (base 16) to base 11.
-1a
-2004 (base 5) to base 8
-376
What is -1 (base 13) in base 7?
-1
Convert -2 (base 11) to base 4.
-2
Convert 6 (base 11) to base 2.
110
What is -42 (base 9) in base 5?
-123
What is 6 (base 9) in base 15?
6
What is 122 (base 4) in base 13?
20
Convert 34 (base 10) to base 15.
24
Convert -70 (base 10) to base 13.
-55
What is 44 (base 10) in base 6?
112
What is -14 (base 12) in base 4?
-100
What is -10 (base 6) in base 9?
-6
Convert 22 (base 5) to base 6.
20
Convert -312 (base 5) to base 15.
-57
What is -3 (base 12) in base 8?
-3
What is -12 (base 3) in base 12?
-5
Convert -25 (base 7) to base 2.
-10011
Convert -3 (base 6) to base 5.
-3
2b (base 13) to base 8
45
Convert 20 (base 3) to base 11.
6
What is -4 (base 9) in base 2?
-100
What is 45 (base 6) in base 15?
1e
100 (base 3) to base 9
10
Convert -1 (base 14) to base 4.
-1
-103 (base 6) to base 9
-43
Convert -6 (base 16) to base 6.
-10
Convert 2 (base 15) to base 7.
2
1 (base 8) to base 5
1
Convert -43 (base 16) to base 2.
-1000011
21 (base 14) to base 6
45
What is 4 (base 9) in base 14?
4
What is -10021 (base 3) in base 5?
-323
Convert -4 (base 10) to base 15.
-4
Convert 111101 (base 2) to base 5.
221
Convert 10 (base 2) to base 10.
2
Convert -11 (base 7) to base 5.
-13
-1 (base 14) to base 8
-1
Convert 110111 (base 2) to base 9.
61
What is -101001001 (base 2) in base 11?
-27a
101 (base 2) to base 16
5
What is 2 (base 9) in base 4?
2
206 (base 11) to base 3
100012
What is 20 (base 13) in base 16?
1a
Convert 51 (base 9) to base 3.
1201
-361 (base 8) to base 2
-11110001
9 (base 11) to base 14
9
What is 11 (base 2) in base 13?
3
Convert 4 (base 8) to base 15.
4
What is -101 (base 2) in base 13?
-5
103 (base 4) to base 13
16
What is -10 (base 4) in base 10?
-4
-1 (base 9) to base 6
-1
Convert 0 (base 14) to base 13.
0
Convert -74 (base 15) to base 4.
-1231
What is -44 (base 7) in base 5?
-112
4 (base 11) to base 9
4
Convert 33 (base 4) to base 12.
13
14 (base 5) to base 11
9
What is -3 (base 13) in base 5?
-3
-7 (base 9) to base 14
-7
Convert -7 (base 16) to base 5.
-12
Convert 44 (base 12) to base 2.
110100
What is 110101 (base 2) in base 16?
35
Convert -21 (base 15) to base 5.
-111
What is -a0 (base 15) in base 9?
-176
-2 (base 7) to base 16
-2
What is -18 (base 10) in base 6?
-30
Convert -4 (base 6) to base 10.
-4
What is -101 (base 12) in base 2?
-10010001
Convert -4 (base 10) to base 12.
-4
Convert -105 (base 7) to base 8.
-66
What is 0 (base 3) in base 4?
0
Convert -30 (base 16) to base 10.
-48
Convert -7 (base 15) to base 16.
-7
1 (base 13) to base 6
1
Convert 1200 (base 3) to base 4.
231
What is b (base 15) in base 7?
14
What is 2221 (base 4) in base 9?
207
Convert -1 (base 9) to base 11.
-1
Convert -40 (base 7) to base 16.
-1c
Convert 11001 (base 2) to base 14.
1b
-2 (base 11) to base 16
-2
What is 19 (base 12) in base 5?
41
What is 7c (base 15) in base 4?
1311
1 (base 6) to base 16
1
What is -1 (base 4) in base 10?
-1
Convert -44 (base 7) to base 4.
-200
-1 (base 12) to base 15
-1
Convert 11 (base 3) to base 9.
4
Convert 2 (base 9) to base 5.
2
What is 2 (base 14) in base 8?
2
-38 (base 9) to base 14
-27
Convert -41 (base 10) to base 3.
-1112
What is 11 (base 3) in base 13?
4
What is 12 (base 5) in base 12?
7
-4 (base 12) to base 6
-4
Convert 1011 (base 2) to base 16.
b
What is 5 (base 10) in base 4?
11
2b (base 15) to base 6
105
258 (base 10) to base 4
10002
-3b (base 12) to base 14
-35
Convert 3 (base 7) to base 5.
3
What is 47 (base 15) in base 4?
1003
-130 (base 4) to base 5
-103
-14 (base 6) to base 9
-11
What is 1102 (base 4) in base 6?
214
Convert 10100 (base 2) to base 11.
19
-111111 (base 2) to base 10
-63
What is 4 (base 11) in base 7?
4
Convert 14 (base 8) to base 11.
11
What is -96 (base 14) in base 5?
-1012
What is -12 (base 6) in base 12?